 digit of a?
1
Let m(w) = 2*w**3 + 16*w**2 - 5*w + 4. What is the units digit of m(-8)?
4
Let k(b) = b + 2. Let y be k(3). Suppose -5*q - y*x = -0*x, -5*x = -5*q. Suppose 3*r - 2*v - 59 = 5, q = -v - 5. What is the units digit of r?
8
Suppose 5*y = 4*l - 6053, -l + 21*y = 17*y - 1516. What is the units digit of l?
2
Let k be (-152)/((-2)/(-4)*1). Let b = -202 - k. What is the hundreds digit of b?
1
Suppose s - 24 = -3*s. Let n(q) = q**3 - 3*q - 2. Let l be n(3). Suppose 2*y + s = -k + 16, l = k + 5*y. What is the units digit of k?
6
What is the tens digit of (-1 - -2 - -21)*(-532)/(-8)?
6
Suppose -10*a + 330225 = 101*a. What is the units digit of a?
5
Let p be (6 + 1)/(2 - 1). Let k(y) = -4*y**2 - 2*y + 57. Let h be k(0). What is the units digit of p/((-14)/8) + h?
3
Let w be 6/12 - (-98)/4. Let y be 8/5*w/(-2). Let l = y - -54. What is the tens digit of l?
3
Let r(a) = a**2 + 5*a - 4. Suppose -2*q - 72 = -2*n, n - q - 40 = q. Suppose -6*g = -2*g + n. What is the units digit of r(g)?
0
Suppose 0 = -3*y + 4*b + 1613, 2*b = 5 + 3. What is the hundreds digit of y?
5
Let w(b) = 126*b**2 + 31*b - 57. What is the hundreds digit of w(2)?
5
Let s(i) = -i**2 + 10*i + 11. Let g be s(12). Let n(v) = v**3 + 13*v**2 + v + 15. Let z be n(g). Suppose -z*w + 10 = -w. What is the tens digit of w?
1
Let p(t) = 6*t**2 + 4*t - 10. What is the units digit of p(-7)?
6
What is the hundreds digit of 28221/46*(-2)/(-3)?
4
Let a(m) be the first derivative of m + m**2 + 5 + 23/3*m**3. What is the units digit of a(-1)?
2
Let n(a) = a**2 - a - 1. Let j(u) = -5*u**2 + u + 4. Let r(p) = j(p) + 4*n(p). Let t be r(-2). Suppose -d - t*d + 18 = 0. What is the units digit of d?
6
Suppose -6*j + 1342 + 1736 = 0. Let h be 34/3*j/38. Suppose 7*w - h = 4*w. What is the units digit of w?
1
Suppose 4*r - 6*r + 2*p = 96, 0 = -5*p - 10. Let z = 186 - r. What is the tens digit of z?
3
Let p = -82 - -78. Let l = 18 - 60. Let f = p - l. What is the tens digit of f?
3
Let n(g) = -g**2 + 3. Let c be n(0). Suppose k = -5*a - c, -5*k - 5*a = -1 - 4. Suppose -12 = -i - q + 11, -5*i = -k*q - 80. What is the units digit of i?
8
Let w = -289 + 775. What is the tens digit of w?
8
Suppose p = 5*r - 3*p - 1355, r - 2*p - 277 = 0. What is the tens digit of r?
6
Let m = 22 - -501. Suppose 3*f - 3*s - 423 = 0, -m = -4*f + s + 56. What is the units digit of f?
6
Let q(n) = -n - 1. Let t be q(0). Let f = 3 + -21. What is the tens digit of ((-117)/f)/(t/(-4))?
2
Let s = 112 + 154. What is the units digit of s?
6
Let s = -48 + 30. Let w be 5*2/15*s. What is the units digit of (172/w)/(4/(-12))?
3
Let u(o) = 4*o. Let r = -12 + 16. Suppose -r*k = -k - 18. What is the tens digit of u(k)?
2
Suppose -3*g + 1 - 4 = 0. Let l be (-1 + 0)/((-7)/(-35)). What is the tens digit of 104/5 + g/l?
2
Suppose -55*n + 301 = -54*n. What is the tens digit of n?
0
Suppose 36*z - 432 = 18*z. What is the units digit of z?
4
Let s = 51 + -30. Suppose 2*i - s = i. What is the units digit of i?
1
Suppose 0 = 11*j - 9137 - 17241. What is the hundreds digit of j?
3
Let z(p) = -p**3 - 27*p**2 - 40*p - 35. Let q(r) = r**3 + 10*r**2 + 19*r - 2. Let l be q(-8). What is the units digit of z(l)?
9
Let y = -396 - -864. What is the tens digit of y?
6
Let g = 393 - -1289. What is the thousands digit of g?
1
Suppose -h = -2*h + 46. Let i = -35 + h. What is the units digit of i?
1
Suppose -4*u - 5*f + 106 = 1, -4*u + 65 = -3*f. Let s = u - 7. Suppose 4*c + s = 93. What is the tens digit of c?
2
Let g(k) = -k**2 - 6*k + 4. Let j be g(-6). Suppose j*v + v = 10. Suppose -l + 75 = v*l. What is the tens digit of l?
2
Let h(y) = -87*y**3 + y**2 - 2*y + 3. Let m be h(1). Let v = m + 147. What is the units digit of v?
2
Let m(d) = d**2 + 10*d - 6. Let c be m(-10). Let n = c - -9. Suppose -n*i - 228 = -9*i. What is the units digit of i?
8
What is the hundreds digit of 1/(-2)*23292/54*-6?
2
Let b(z) = z**3 - 5*z**2 - z + 6. Let j be b(5). Let n be 0 + 1 + 30*j. Suppose c + 16 + 8 = 4*x, -4*c - n = -3*x. What is the units digit of x?
5
Let q(n) = n**3 + 10*n**2 + 19*n - 92. What is the tens digit of q(7)?
7
Suppose -c + 3*c - 73 = 3*w, 0 = 3*w + c + 58. What is the tens digit of 2 - (-7)/(w/(-261))?
8
Let i(d) = 8*d + 2. Let y be i(-1). Let h be (-9)/y*(-96)/(-18). Suppose -6 + h = 2*p. What is the units digit of p?
1
Let d be (-1)/2*-2 + -5. What is the units digit of (2 + d)*(-1302)/12?
7
Let k(n) = -6*n - 21. Let y be k(-4). Suppose z + 68 = y*z + b, -5*z - 5*b + 165 = 0. What is the units digit of z?
5
Suppose -70 = 6*a - a - 2*o, 0 = a + 2*o + 2. Let v be 1/2*(-12 - a). Suppose 4*t - 5*u - 87 = 77, -t - 2*u + 28 = v. What is the tens digit of t?
3
Let j(m) = -2*m - 8. Let v = -14 + 19. Suppose 0 = 2*s - 3*c + 19, -v*s - 38 = -4*c + 6*c. What is the units digit of j(s)?
8
Let i(z) = 3*z**2 + 2*z - 1. Let a be i(1). Suppose -2*d - a*x + 14 = 0, -5*d + 2*d + x = 7. What is the tens digit of d/2 - 399/(-14)?
2
Suppose 543 = -12*z + 15*z. Suppose -5*t + z = j, 649 = -j + 5*j + 5*t. What is the tens digit of j?
5
Let u = 11 - 6. Suppose -u = w - 6. What is the tens digit of -3 - (-34 - (w + 0))?
3
Let k be ((-14)/2)/(0 - -1). Let i(m) be the first derivative of -m**4/4 - 2*m**3 + 3*m**2 + 4*m - 12. What is the units digit of i(k)?
1
Let l(v) = v**3 - 5*v**2 + 8*v - 62. What is the units digit of l(10)?
8
Let m be ((-1)/(3/4))/(16/(-36)). Suppose s - 18 = -5*x, 15 = 5*s + x - m. What is the units digit of s?
3
Let m be (-3)/((-30)/(-175))*12/(-10). What is the tens digit of (3120/28)/2 - (-6)/m?
5
What is the units digit of ((-5)/(-5)*1)/(1/421)?
1
Let z(u) = -u**3 + 7*u**2 + 9*u + 2. Let i be z(8). Suppose 0 = -4*w - 16, -5*v + 2*v = 4*w - 26. Let d = v - i. What is the units digit of d?
4
Let i = 4 - -9. Let l = i + -22. Let o = l + 12. What is the units digit of o?
3
Suppose -8*u + 1841 = -1903. Let l(o) = -o**3 - 2*o**2 + 4*o + 3. Let f be l(-2). What is the tens digit of 2/f + u/20?
2
Suppose -3*b - 11184 = -3*u, 0 = -8*u + 10*u + b - 7465. What is the units digit of u?
1
Let j(l) = 631*l**2 + 3*l + 3. What is the units digit of j(-1)?
1
Suppose 2 = -2*u + 6. Suppose 2*x = -u*x - 20. Let z(d) = -2*d + 4. What is the units digit of z(x)?
4
Let o(p) = p**3 + 2*p**2 - 12*p + 24. Let g be o(6). Suppose t = -t + g. What is the tens digit of t?
2
Let r(b) = 2*b**2 - 54*b - 2. Let h be r(27). What is the units digit of 312/(-91)*63/h?
8
Let a be -1 + 7*(4 + -3). Let x(s) = 4*s**2 - 8*s + 4. What is the units digit of x(a)?
0
Let u(d) = -43*d - 147. What is the hundreds digit of u(-12)?
3
Let q = 14 - -431. What is the tens digit of q?
4
Let o(q) = -19*q + 11 + 4*q - 11*q + 26. What is the hundreds digit of o(-6)?
1
Let i(g) = -g**3 - 11*g**2 - 11*g + 3. Let m be i(-10). Suppose 0 = 3*s - 2*p - m, -5*s - p + 19 = 6. Suppose s*d - 4*d = -22. What is the units digit of d?
2
Let t(d) = 45*d - 5 - 89*d + 37*d. Suppose 0 = 3*b + 9 + 3. What is the tens digit of t(b)?
2
Let v = 73 - 54. Suppose -65 = -4*g + v. What is the units digit of g?
1
Let i = 27 + -28. What is the hundreds digit of i/(0 - -1) - -115?
1
Let g(b) = -3*b**2 - 5*b + 2. Let x(z) = -z. Let y(i) = -g(i) + 2*x(i). What is the units digit of y(-4)?
4
Let b(x) = -x**3 - x**2 - x + 1. Let l(d) = -4*d**3 - 17*d**2 + 9. Let q(j) = 5*b(j) - l(j). What is the tens digit of q(11)?
6
Let z(j) = -12*j - 109. What is the hundreds digit of z(-34)?
2
Let k be (1 - 2)/(9/3951). Let p = -292 - k. What is the hundreds digit of p?
1
Suppose -45*h + 2427 = -1758. What is the units digit of h?
3
Let q = 362 - 230. Suppose -8*u = -12*u + q. What is the tens digit of -1 + (u - (4 - 0))?
2
Suppose -5*k = -4*w + 29, 0 = 2*w - 3*k + 1 - 18. What is the hundreds digit of w*-5*636/(-20)?
1
Suppose -5*s - 20 = -5*d, -10 = -3*d - s + 6*s. What is the units digit of -5 + (d - (-17 + 0))?
7
Suppose -28106 = -13*k - 0*k. What is the tens digit of k?
6
Suppose -16*r = -13*r - 2562. Suppose 0 = -5*a + r + 676. What is the units digit of a?
6
Let n(m) = -4*m**3 - 8*m + 7. What is the tens digit of n(-5)?
4
Let d(a) be the second derivative of a**5/20 + 11*a**4/12 + 10*a**3/3 + 2*a**2 + a. What is the units digit of d(-8)?
6
Let n(h) = h**2 + 3*h + 7. Let z = 6 - 11. Let k be n(z). Let j = k + 3. What is the tens digit of j?
2
Let 